{"id":37,"date":"2019-10-15T07:06:56","date_gmt":"2019-10-15T07:06:56","guid":{"rendered":"http:\/\/www.clatitelatopogan.ro\/?page_id=37"},"modified":"2020-10-23T11:42:48","modified_gmt":"2020-10-23T11:42:48","slug":"despre-noi-3","status":"publish","type":"page","link":"https:\/\/www.clatitelatopogan.ro\/index.php\/despre-noi-3\/","title":{"rendered":"Despre noi"},"content":{"rendered":"\n<figure class=\"wp-block-image\"><img loading=\"lazy\" width=\"1024\" height=\"508\" src=\"http:\/\/www.clatitelatopogan.ro\/wp-content\/uploads\/2019\/10\/en10-1024x508.jpg\" alt=\"\" class=\"wp-image-39\" srcset=\"https:\/\/www.clatitelatopogan.ro\/wp-content\/uploads\/2019\/10\/en10-1024x508.jpg 1024w, https:\/\/www.clatitelatopogan.ro\/wp-content\/uploads\/2019\/10\/en10-300x149.jpg 300w, https:\/\/www.clatitelatopogan.ro\/wp-content\/uploads\/2019\/10\/en10-768x381.jpg 768w, https:\/\/www.clatitelatopogan.ro\/wp-content\/uploads\/2019\/10\/en10.jpg 1156w\" sizes=\"(max-width: 1024px) 100vw, 1024px\" \/><\/figure>\n\n\n\n<h4 class=\"has-text-align-left\"><strong><em>Aici a \u00eenceput povestea noastr\u0103, pe malul M\u0103rii Negre, \u00een frumoasa sta\u021biune Eforie Nord, \u00een anul 2011. De atunci \u0219i p\u00e2n\u0103 \u00een prezent, ne-am creat un portofoliu de clien\u021bi care ne viziteaz\u0103 an de an sau de c\u00e2te ori au drum prin sta\u021biune \u00een sezonul de var\u0103. Pentru noi, clien\u021bii sunt prioritatea nr. 1 \u0219i datorit\u0103 lor am devenit din ce \u00een ce mai buni, oferind produse \u0219i servicii de CALITATE \u0218I NIMIC MAI MULT. V\u0103 mul\u021bumim \u0219i v\u0103 a\u0219tept\u0103m \u00een continuare s\u0103 ne fi\u021bi al\u0103turi \u0219i \u00een noua loca\u021bie deschis\u0103 din luna octombrie 2020 \u00een Bucure\u0219ti, la Veranda Mall &#8211; zona de intrare \u00een Mall, l\u00e2ng\u0103 locul de joac\u0103 pentru copii. <\/em><\/strong><\/h4>\n\n\n\n<figure class=\"wp-block-image size-large\"><img loading=\"lazy\" width=\"768\" height=\"1024\" src=\"http:\/\/www.clatitelatopogan.ro\/wp-content\/uploads\/2020\/10\/relocare2-768x1024.jpg\" alt=\"\" class=\"wp-image-322\" srcset=\"https:\/\/www.clatitelatopogan.ro\/wp-content\/uploads\/2020\/10\/relocare2-768x1024.jpg 768w, https:\/\/www.clatitelatopogan.ro\/wp-content\/uploads\/2020\/10\/relocare2-225x300.jpg 225w, https:\/\/www.clatitelatopogan.ro\/wp-content\/uploads\/2020\/10\/relocare2-1152x1536.jpg 1152w, https:\/\/www.clatitelatopogan.ro\/wp-content\/uploads\/2020\/10\/relocare2.jpg 1200w\" sizes=\"(max-width: 768px) 100vw, 768px\" \/><\/figure>\n\n\n\n<figure class=\"wp-block-image size-large\"><img loading=\"lazy\" width=\"1024\" height=\"768\" src=\"http:\/\/www.clatitelatopogan.ro\/wp-content\/uploads\/2020\/10\/relocare4-1024x768.jpg\" alt=\"\" class=\"wp-image-325\" srcset=\"https:\/\/www.clatitelatopogan.ro\/wp-content\/uploads\/2020\/10\/relocare4-1024x768.jpg 1024w, https:\/\/www.clatitelatopogan.ro\/wp-content\/uploads\/2020\/10\/relocare4-300x225.jpg 300w, https:\/\/www.clatitelatopogan.ro\/wp-content\/uploads\/2020\/10\/relocare4-768x576.jpg 768w, https:\/\/www.clatitelatopogan.ro\/wp-content\/uploads\/2020\/10\/relocare4-1536x1152.jpg 1536w, https:\/\/www.clatitelatopogan.ro\/wp-content\/uploads\/2020\/10\/relocare4.jpg 1600w\" sizes=\"(max-width: 1024px) 100vw, 1024px\" \/><\/figure>\n","protected":false},"excerpt":{"rendered":"<p>Aici a \u00eenceput povestea noastr\u0103, pe malul M\u0103rii Negre, \u00een frumoasa sta\u021biune Eforie Nord, \u00een anul 2011. De atunci \u0219i [&hellip;]<\/p>\n","protected":false},"author":1,"featured_media":0,"parent":0,"menu_order":0,"comment_status":"closed","ping_status":"closed","template":"","meta":[],"_links":{"self":[{"href":"https:\/\/www.clatitelatopogan.ro\/index.php\/wp-json\/wp\/v2\/pages\/37"}],"collection":[{"href":"https:\/\/www.clatitelatopogan.ro\/index.php\/wp-json\/wp\/v2\/pages"}],"about":[{"href":"https:\/\/www.clatitelatopogan.ro\/index.php\/wp-json\/wp\/v2\/types\/page"}],"author":[{"embeddable":true,"href":"https:\/\/www.clatitelatopogan.ro\/index.php\/wp-json\/wp\/v2\/users\/1"}],"replies":[{"embeddable":true,"href":"https:\/\/www.clatitelatopogan.ro\/index.php\/wp-json\/wp\/v2\/comments?post=37"}],"version-history":[{"count":27,"href":"https:\/\/www.clatitelatopogan.ro\/index.php\/wp-json\/wp\/v2\/pages\/37\/revisions"}],"predecessor-version":[{"id":332,"href":"https:\/\/www.clatitelatopogan.ro\/index.php\/wp-json\/wp\/v2\/pages\/37\/revisions\/332"}],"wp:attachment":[{"href":"https:\/\/www.clatitelatopogan.ro\/index.php\/wp-json\/wp\/v2\/media?parent=37"}],"curies":[{"name":"wp","href":"https:\/\/api.w.org\/{rel}","templated":true}]}}